is the units digit of t?
7
What is the thousands digit of 30346*(-18)/(-63)*(-35)/(-20)?
5
What is the units digit of 7*8126/170*(0 - (-2 + -3))?
3
Let m = 2025 - 2023. Let o be ((-4)/5)/((-3)/15). Suppose -4*l + 941 = -z, o*l - 916 = -m*z - 2*z. What is the hundreds digit of l?
2
Suppose 0 = -3*r - 5*m + 26551, -80*r + 81*r = -4*m + 8848. What is the hundreds digit of r?
8
What is the units digit of 14559 + 6 + -33 + 36?
8
Let q(a) = 18*a**2 + 18*a + 85. Let w be q(-9). Suppose -5*j + 3*v - 407 = -2708, -3*j = -2*v - w. What is the hundreds digit of j?
4
What is the tens digit of ((-3134)/(-16)*6)/(14/(1120/6))?
7
Let f = 128 + -124. Suppose -v - f*v = -2920. What is the hundreds digit of v?
5
Suppose 15*r + 276 = 16*r. Suppose -2236 + r = -8*i. What is the tens digit of i?
4
Let p = -211 + 217. Suppose 0 = 38*r - p*r - 5152. What is the units digit of r?
1
Let c(h) = 3*h + 4. Let d be c(0). Suppose 0 = -3*q - d*z + 16, -5*q + 10*q + z = 21. Suppose q*n = -24 + 224. What is the units digit of n?
0
Suppose -474*q = -622*q + 4081840. What is the units digit of q?
0
What is the units digit of ((-510544)/68)/(-2*(-2)/(-6))?
2
Let n(l) = -11*l**3 - 78*l**2 - 194*l + 6. What is the hundreds digit of n(-10)?
1
Let j(k) be the second derivative of 13*k**5/20 - k**4/2 + k**3/6 + k**2 - 529*k. Let q = -2 - -4. What is the tens digit of j(q)?
8
Let w = 1238 + 46. Let l = w + -367. What is the hundreds digit of l?
9
Let o = -153 - -156. Suppose -1195 = -5*u - x - 3*x, -u + o*x + 220 = 0. What is the units digit of u?
5
Let f(t) = 3*t - 18*t + 273 - 171 - 29*t. What is the tens digit of f(-18)?
9
Suppose 0 = -34*c + 21718 + 53286. What is the units digit of c?
6
Let w be (-610)/(-61)*(-1)/(-1). What is the thousands digit of 53118/45 + 4 + 6/w?
1
Suppose 0 = -7*d - 15 + 57. What is the hundreds digit of 12*(-7)/(-252) + 1150/d?
1
Let o be (-25)/10*8/(-5). Suppose -o*i + 2056 = 4*f, -673 + 2210 = 3*i + 4*f. What is the hundreds digit of i?
5
Let g(u) = -4*u**3 + u**2 - 2*u + 98. What is the thousands digit of g(-12)?
7
Suppose 278*d - 247*d - 98301 = 0. What is the hundreds digit of d?
1
Let b(p) = p**2 + 2*p + 2. Let h be b(-3). Suppose -2*t + 1 = -4*v - 9, h*v + 5*t + 5 = 0. What is the tens digit of v - -1 - (0 + 6 + -116)?
0
Suppose d - 1 - 4 = 0. Suppose -4*w - 4*y = 0, -w = -3*w + d*y + 14. Suppose w*z + 8 = 88. What is the tens digit of z?
4
Suppose -3*r + 2*c + 452 = 0, 0*r + 2*c = -4*r + 598. Let s = r - 105. What is the tens digit of s?
4
Let a = -149 + 144. What is the hundreds digit of 1545/a*3/(-3)?
3
Let m(q) = 2*q + 15. Let c be m(-9). Let o be c/(-24)*4*(-2 - -2). Suppose o = -3*t + 263 + 16. What is the tens digit of t?
9
Let g be (0 + 1 - 0)/((-34)/(-102)). Let j(k) = -4 - 7*k - 2*k - 174*k**g + 173*k**3 - 11*k**2 - 14. What is the units digit of j(-11)?
1
Suppose -4*q - 1221 + 50574 = -16623. What is the units digit of q?
4
Let i = -54 - -1025. Let n = i - 536. What is the tens digit of n?
3
Suppose n = -2*i + 4054, -n = -4*i - 1971 - 2125. What is the units digit of n?
8
Let v(z) = -z**3 - 7*z**2 - z - 3. Let t be v(-7). Suppose -3*m + 2*d + 3*d = -263, t*m - 356 = 4*d. Let h = 86 + m. What is the hundreds digit of h?
1
Suppose -b = -3*z - 467, 2*b - 4*z = -2*z + 918. Let v = 674 - b. What is the hundreds digit of v?
2
Let o(u) = 4*u**2 + 261*u + 19. What is the tens digit of o(-75)?
4
Suppose 0 = -2*y + 3*v + 2241, -y = 2*v - 1732 + 594. Suppose 4*c = -4*n + y, 4*n + 3*c - 1168 = 7*c. What is the tens digit of n?
8
Suppose 0 = -4*h + 24614 + 6666 + 44448. What is the thousands digit of h?
8
Suppose -3*i - 255 + 13215 = 0. Suppose 9*o - i = 4*o. What is the units digit of o?
4
Let x be (((-26)/(-1))/2)/((-4)/(-8)). Let s = 29 - x. Suppose 25 + 2 = s*q. What is the units digit of q?
9
What is the tens digit of -1*(-2 - 1/((-6)/(-132174)))?
3
Let h = 1087 - 102. Let q = -559 + h. What is the tens digit of q?
2
Let n = -1742 - -1743. Let l be 1 - (-272)/(-1 + 2). What is the units digit of 6/(18/l) - n?
0
Let n(i) = -22*i + 26. Let s be n(12). Let u = 344 + s. Suppose v + 4*y - u = -4*v, 111 = 5*v - y. What is the units digit of v?
2
Let n = -108 - -264. Let s = n + -45. What is the units digit of s?
1
Let b(h) = 8*h - 31. Let r(j) = 24*j - 94. Let g(y) = 10*b(y) - 3*r(y). Let f(w) = -w**2 - 19*w - 21. Let q be f(-17). What is the units digit of g(q)?
6
Suppose -9*c = -4*c + 40. Let i be (-34)/c + 2/(-8). Suppose i*h + 4*g = g + 499, -h = 4*g - 141. What is the hundreds digit of h?
1
Let k(p) = 42*p**3 - 15*p**2 - 12*p + 76. What is the hundreds digit of k(6)?
5
Let u = -44550 + 75653. What is the thousands digit of u?
1
Suppose -3926 + 25654 = 8*l. What is the tens digit of l?
1
Let b(d) = d**3 + 3*d**2 + 58746. What is the thousands digit of b(0)?
8
Let l = 35 + -32. Suppose -4*c + b = -10, -2 + 0 = l*c + 4*b. Suppose 4*s - 4*z - 158 = 2*s, -c*s = 4*z - 134. What is the tens digit of s?
7
Let i(k) = -k**3 + 14*k**2 + 15*k + 53. Let x be i(16). Let j = 631 + x. What is the tens digit of j?
1
Suppose 0 = 4*o - 2*o - 18. Suppose -5*n + a + 3525 = 0, -1116 = -2*n - a + 301. Suppose 842 = o*m - n. What is the units digit of m?
2
Let l(x) = 95*x**2 - 3*x - 3. Let k(v) = -v**2 - 9*v - 9. Suppose -6*h - 8 = -5*h. Let n be k(h). What is the units digit of l(n)?
5
Let a(b) = b**2 - 3*b - 6. Let f be a(5). Suppose 10 = 2*u - 0*u. Suppose -i = f*r - 337, -3*r + 6*r - u*i = 270. What is the tens digit of r?
8
Let t(m) = -11*m**3 + 2*m**2 + 4*m - 82. What is the units digit of t(-9)?
3
Let o(v) = -v + 37. Let x be o(18). Suppose 5*i = i - w + 45, -2*i + x = -3*w. Let h(m) = m**2 - 4*m + 13. What is the tens digit of h(i)?
9
Let c(y) = -y**3 + 10*y**2 - 2*y + 24. Let o be c(10). Suppose -35 = -5*q + o*h, 14 = -2*q - 2*h - 2*h. What is the tens digit of (-18)/27 + 152/q?
5
Let a be 13686/10 + 24/60. Suppose -h = -5*s + 469, a = -3*h + 4*s - 27. What is the tens digit of ((-170)/(-136))/(2*(-2)/h)?
4
Let v(u) = u**2 - 11*u + 10. Let r be v(8). Let j = 30 + r. Suppose 2*k = -2*l + 32, 0 = -3*k + 3*l + j + 2. What is the tens digit of k?
1
Let m be -5 + -1 - (2 + -1). What is the hundreds digit of 5 - (-248 + -2 - m)?
2
Let c be ((-30)/8)/(6/(-80)). Let a = 39 - c. What is the tens digit of (a/((-297)/18))/(2/468)?
5
Let v = 116 - 112. Let q(k) = 80*k**2 - 13*k + 5. What is the tens digit of q(v)?
3
Let j(t) = 8*t + 2. Let p be j(-1). Let m(r) = 212 - 89 - 35*r - 61 - 88. What is the hundreds digit of m(p)?
1
Let u(j) = 1666*j**2 - 9*j + 11. What is the units digit of u(3)?
8
Suppose 5*a = 128*f - 127*f - 9487, -47331 = -5*f - a. What is the thousands digit of f?
9
Let c(j) be the first derivative of -3*j**4/2 - j**3 - 2*j**2 - 2*j + 2. Let n be c(-1). What is the tens digit of ((-50)/n)/(3/(-39))?
3
Let r = -334 - -386. Suppose f = 3*d - 4628, 50*d + 4*f = r*d - 3082. What is the hundreds digit of d?
5
Let p(r) = -42*r + 58. Let i be (1/(-3))/((21/3)/231). What is the hundreds digit of p(i)?
5
Suppose -56*i - 6526 = 9*i + 39. Let u be (145/4)/(2/8). Let r = i + u. What is the units digit of r?
4
Suppose -1222 = -6*y + 584. Let j = y - 171. Suppose 297 = -127*b + j*b. What is the units digit of b?
9
Let w be (-2776)/(-3) - 4/3. Suppose -4*f - w = -2*y, -3*y + 5*f - 2*f = -1389. What is the hundreds digit of y?
4
Let x(a) be the second derivative of 73*a**5/60 + a**4/24 - a**3/6 - 9*a**2 + 23*a. Let k(n) be the first derivative of x(n). What is the tens digit of k(1)?
7
What is the thousands digit of (-22)/3*((-100872)/112 - (-6)/(-7))?
6
Let z(j) = 2*j**3 - j**2 - 16*j + 38. Let x = 157 - 149. What is the tens digit of z(x)?
7
Suppose 0 = -3*u - 2*w + 5913, -3291 + 1321 = -u - w. What is the hundreds digit of u?
9
Suppose 4*s = s + 1206. Let w be (s/15)/((-1)/15). What is the units digit of (w/(-6))/(0 + 1)?
7
Let a(n) = -63*n + 148 - n**3 - 69*n + 130*n. Let o be a(0). Let s = -22 + o. What is the units digit of s?
6
Suppose 0 = 9*w + 13*w - 88. Suppose -w*h + 2 = 6, -5*h = -4*f + 1677. What is the tens digit of f?
1
Suppose -2*i = -25*x + 28*x - 6039, -2*i - 2*x + 6034 = 0. Suppose -6*k + 10*k - i = 0. What is the tens digit of k?
5
Let j be (-11626 + -3 - -2) + 57/19. What is the units digit of 16/(-40) + (-1)/(10/j)?
2
Let v(i) = 3*i**3 - 55*i**2 